0*o + 48. Let w be ((-18)/o)/(1/(-2)). Let b(i) = -i**3 + 2*i**3 + i + 0*i**w + 3*i**2 + 4. Determine b(-3).
1
Let y = -1368 + 1369. Let h(g) = -51*g**2. What is h(y)?
-51
Let s(j) = j**2 - 29*j + 123. Suppose -921*q - 4320 = -1101*q. What is s(q)?
3
Let b = 6549 + -6547. Let p(r) = -r**2 - 5*r + 7. Calculate p(b).
-7
Let x(c) = -5 - 7*c + 0 + 4. Suppose 4*s + 2*u - 28 = 0, -4*s - 4*u = -14 - 18. Suppose -2*w = v, 3*v - 4*w + 4 + s = 0. Calculate x(v).
13
Let u(c) = -39*c + 1957 - 2*c**2 - 3351 + 1668. Give u(-25).
-1
Let x(r) = -18*r + 207. Let s(y) = 19*y - 207. Let c(a) = 5*s(a) + 6*x(a). What is c(16)?
-1
Let q(h) = h**3 + 7*h**2 - 8*h + 2. Let j be 8/10*45/6. Suppose 44 = -5*s + 334. Suppose j*z + s = 10. Calculate q(z).
2
Suppose 14 = 2*q - 14. Suppose 0 = -2*h + 4*j + q, -2*h - 2*h + 4*j = -28. Let k(n) = -5 + 6*n - 7*n + h*n. Determine k(5).
25
Let a = 419 + -417. Suppose a = v, 5*r - 2*v = 4*r - 7. Let j(f) = 2*f - 5*f + 4*f. Determine j(r).
-3
Let u(m) = m**2 + 4*m - 1. Let w be 1*(-3)/(-6)*-12. Determine u(w).
11
Let u(y) = 2*y - 45. Let g(l) = -4*l + 49. Let q(b) = -2*g(b) - 3*u(b). What is q(-14)?
9
Let f(o) be the second derivative of o**5/60 - o**4/8 - 5*o**3/2 + 5*o**2/2 + 129*o + 1. Let k(g) be the first derivative of f(g). Give k(7).
13
Let x = 229762 + -229767. Let i(r) = 2*r + 0 - 7*r - 6. Determine i(x).
19
Let f(t) = t**2 + 13*t - 5. Suppose -2*r - 164 = -3*l - 135, -5*r - 4*l - 38 = 0. Determine f(r).
-35
Suppose 5*b - 2*a + 8 = 0, -183 + 192 = -3*b - 3*a. Let l(d) = 11*d**2 - d - 2. Calculate l(b).
44
Let l be ((-1248)/(-2028))/(10/(-65)). Let g(m) = 24*m + 44. Calculate g(l).
-52
Let k be 3 + (6 - 7)*2. Suppose k = g + 3*f, 3*g + 1 = 2*g - 5*f. Let y(l) = -l**2 - 6*l + 3. What is y(g)?
-37
Suppose -6*d + 8 = -2*d. Let h(z) = -5*z**d - 178 + 0*z + 4*z**2 + 184 + 4*z. Suppose 0 = -5*g + 5 - 0, 0 = 2*a + 5*g - 15. Calculate h(a).
1
Let c(b) be the third derivative of b**4/24 + 11*b**3/6 - 21*b**2. Let x(w) = 210*w - 2525. Let r be x(12). Give c(r).
6
Let r = 1551 - 1547. Let q(i) be the first derivative of -19 - 3*i - 1/4*i**r - 1/3*i**3 + 1/2*i**2. What is q(0)?
-3
Let a(c) = c**2 + 19*c - 96. Let q be a(-24). Suppose 11*s + 13*s = -q. Let i(y) = 4*y - 1. Give i(s).
-5
Let t = -4 + 2. Let r(v) = 0 - 10*v - 3*v + 6*v - v**2 - 4 + 0*v. Determine r(t).
6
Let a(h) = h**2 - 4*h - 15. Let n(j) = j**2 - 3*j - 16. Let p = 29 + -23. Let w(q) = p*a(q) - 7*n(q). Let s(z) be the first derivative of w(z). Calculate s(-3).
3
Let d(m) = m**2 + 49*m + 98. Let t be d(-47). Let a(f) = f**3 - 4*f**2 + f + 6. Give a(t).
10
Let n = -19 + 56. Suppose -5*r = 2*a - n, 2*r + 2*r = -4*a + 20. Suppose -c - 24 = -5*t, -r = -t - t + c. Let j(x) = 2*x + 4. What is j(t)?
14
Let n be 2/12 + (-328)/(-48). Suppose 6*v - n*v = -38. Suppose -5*m = -23 + v. Let c(l) = -l**3 - 2*l**2 - 2*l + 3. Give c(m).
18
Let h(o) = -o**3 - 92*o**2 + 98*o + 461. Let l be h(-93). Let t(s) = -s**2 - 1 - 3*s + 0*s**2 - s - 3. Determine t(l).
-4
Let q be -12 - ((-17 - -7) + 6). Let u(b) = b**3 + 7*b**2 - 11*b - 22. Let h be u(q). Let i(t) = -8*t + 2. Give i(h).
-14
Suppose -5*q + 39 = -3*h, -4*h - 1 - 40 = -3*q. Let k(i) = 10 - 10 - 50*i + 54*i + 9. Determine k(h).
-23
Let c(t) = -t + 10. Let s = 55 + -53. Suppose 2*o = 2*p + 20, 26 = 2*o + s*p + 2*p. What is c(o)?
-1
Suppose -5*c - 4*n = 18, 3*c - 4*n + n = 0. Let w(h) = 66*h - 21*h - 1 - 25*h + 3*h**2 - 19*h. Let l be w(c). Let a(t) = -t**3 + 8*t**2 + 8*t + 7. Give a(l).
-2
Let g = 2229 - 2233. Suppose 5*x = -w, w - 10 + 2 = 3*x. Let u(j) = 5*j + j + w + 1 + j**2. Give u(g).
-2
Suppose -28 - 33 = v. Let g = 65 + 1. Let x = v + g. Let m(c) = -3*c + 4. Calculate m(x).
-11
Suppose 2 = -r - r. Let i(o) = -4*o + 16*o - 14*o**2 - 1 - 5*o - 9*o + 0. Give i(r).
-13
Let z(j) = -28. Let a(v) = 5. Let c(r) = -22*a(r) - 4*z(r). Let d(o) = -2*o - 16. Let w(u) = -40*c(u) - 5*d(u). What is w(-1)?
-10
Let l(t) = -2*t - 3. Let h(g) = 317*g - 1265. Let c be h(4). Determine l(c).
-9
Let z(n) = -n**2 - 26*n - 16. Let l(u) = u**2 + 26*u + 2. Let d(i) = 4*l(i) + 5*z(i). What is d(-23)?
-3
Let j(u) = 17*u**2 - 9*u - 2. Let c(y) = 25*y**2 - 14*y - 3. Let m(r) = -3*r - 26. Let o be m(-7). Let w(a) = o*c(a) + 8*j(a). Let n = -23 + 22. Give w(n).
12
Let y(v) be the third derivative of v**6/120 - v**5/60 + 2*v**3/3 + 2*v**2. Suppose k = g - 3 + 1, -4*k = -3*g + 8. Determine y(g).
4
Let x(z) = 5*z**2 + 2*z + 8. Let i(u) = 7*u**2 + u + 9. Let w(t) = 2*i(t) - 3*x(t). Suppose -3*p = -4*g + p - 16, -4*p = 5*g - 16. Determine w(g).
-6
Let g be ((-6)/(-5))/(6*(-1)/(-20)). Let p(j) = 267*j - 3*j**2 + g*j**2 - 260*j + 10. Give p(-5).
0
Let n(o) = 224*o**3 + 43*o**2 - 127*o - 37. Let m(g) = -69*g**3 - 14*g**2 + 41*g + 12. Let c(f) = -13*m(f) - 4*n(f). Let x = 11 + -23. Calculate c(x).
4
Let k(t) = -3*t. Let i(w) = -1 + 15*w - 3*w - 5*w + w. Let z(g) = -i(g) + 2*k(g). Give z(-1).
15
Let q(c) = c + 19. Let v = 213 - 220. Let t(l) = l**3 + 4*l**2 - 22*l - 15. Let w be t(v). Calculate q(w).
11
Let f be 100/(-250) + (-767)/(-5) + -1. Let r = f + -151. Let n(a) = -13*a**3 + 2*a**2 - a. Determine n(r).
-12
Let k(x) = -5 - 197*x - 10 - 4 + 187*x. Determine k(3).
-49
Let t(s) = s**3 - 5*s**2 + 2*s - 4. Let x be 12/(-1)*16/(-64). Let w(n) = -11*n + 38. Let d be w(x). Determine t(d).
6
Let n be (5 + -2)*(24/9)/4. Let j(s) = -n*s**2 - 2 + 14 - 3*s**2 + 4*s**2 + 5*s - 1. Determine j(9).
-25
Let l be -4 + 8 + (-11)/(-1). Let w be 2 + 160/l*6/4. Let f = -19 + w. Let c(t) = -7*t**2 + 2*t + 1. Determine c(f).
-8
Suppose 0 = -b + n + 3, -12 + 0 = -3*b + 4*n. Let r be (18/18)/((-2)/4 + b). Let u(t) = -3*t**2. What is u(r)?
-12
Suppose 12 = 3*j - 4*a - 0, 2*a = -4*j - 6. Let c be j/((-3)/2*28/(-42)). Let w(r) = -2*r + 11. What is w(c)?
11
Suppose 0 = 5*l - 4*l + 5*i + 4, 4*i - 22 = -5*l. Let x(r) = 5*r**2 + 9*r + 1. Let k(d) = 4*d**2 + 9*d. Let y(n) = l*k(n) - 5*x(n). Determine y(6).
13
Let o = -20333 + 20316. Let s(g) = -2*g**2 - 30*g + 49. What is s(o)?
-19
Let v = 3623 - 3614. Let z(a) = a - 17. What is z(v)?
-8
Let o(m) = -2*m**3 + 4*m**2 - 2*m - 1. Let j = -635 + 641. Suppose -2*f = 3*f - 4*z - j, 4*f - 4*z = 4. Determine o(f).
-5
Let b(p) = -25*p - 374. Let z = 540 + -555. Let a be b(z). Let n(i) = -3*i + 3. Let w(o) = -2*o + 2. Let r(x) = 3*n(x) - 5*w(x). Determine r(a).
0
Let k = -70 - -67. Let y be k + 0 + 0 + 0. Let t be 1/(y/36)*2/4. Let p(u) = u**2 + 3*u - 1. Give p(t).
17
Let j(c) = 310*c + 351*c - 45 - 662*c. What is j(-13)?
-32
Suppose -3*p = -7*p + 12. Let q(n) = -8 - 3*n**3 + 5*n**3 + n - p*n**3. Let y(c) = 2*c**2 - c. Let h be y(0). What is q(h)?
-8
Let v(o) = o**3 - o**2 + o + 2. Let g be (-35 + 37)/(3/(654/(-4))). Let p = g - -109. Determine v(p).
2
Suppose 6*r + 9 = 5*z + 2*r, -3*z - 2*r = -1. Let b(y) be the first derivative of 8*y**3 - y - 1. What is b(z)?
23
Suppose 4 = -2*x - 0. Let j(a) = 2*a**3 - 2*a**2 + 5. Let o(u) = -2 + 698*u - 2 + u**2 - u**3 - 699*u. Let i(t) = 2*j(t) + 3*o(t). What is i(x)?
-8
Let a be 11 + 4 + -9 - (-1 - -14). Let k(s) be the first derivative of -s**4/4 - 8*s**3/3 - 9*s**2/2 + 9*s - 23. Give k(a).
23
Let f(v) = 58*v**2 + 57*v + 11. Let l(i) = -21*i**2 - 18*i - 4. Let h(o) = 4*f(o) + 11*l(o). Calculate h(-28).
-56
Let a(j) be the second derivative of 13*j**3/6 + 131*j**2/2 - j + 717. Give a(-10).
1
Let b(v) be the second derivative of -v**5/20 - 3*v**4/4 - 5*v**3/6 + 8*v**2 + v + 958. Determine b(-7).
-47
Let y(u) = -u**3 + u**2 + u. Suppose p - 3*z + 382 = -0*p, z = -2*p - 771. Let g be 10/4*308/p. Calculate y(g).
10
Let p(v) = 2*v**3 - 31*v**2 - 17*v - 18. Let f(s) = -4*s**3 - 6*s**2 + 9*s + 26. Let x be f(-2). Give p(x).
-34
Let a = 0 + 3. Let b(h) = a - 3 + h + 7. Suppose 0 = -4*z - 47*v + 44*v + 3, 2*z + 6*v - 6 = 0. Give b(z).
7
Let x = -59 - -64. Let q(c) = -6 + 3*c + 0*c**3 + x*c + c**3 - 8*c**2. Suppose 2*b = 13 + 1. What is q(b)?
1
Let x be (2 - 1) + (-8)/(-2). Let w(g) = -4*g**2 - g + 25. Let o(j) = j**2 + j - 6. Let z(m) = 3*o(m) + w(m). Let t be z(x). Let i(b) = -b - 10. What is i(t)?
-2
Let u(z) = -5*z**2 + 75*z - 3. Let v be u(15). Let c(h) = 0 - 6*h - 3 + 4*h - h. Give c(v).
6
Let f(g) = -3 - g**2 - 1 + 0 + 13*g - 14*g - g**2. Suppose -3*l - m - 2*m + 24 = 0, -2*l + m + 1 = 0. Give f(l).
-25
Suppose 5*r = a + 